- 70a5a7?
-70a5a2
In base 15, what is -12e376a - -2?
-12e3768
In base 3, what is 10010220 - 202112020?
-122101100
In base 16, what is -4c9c1b - -9?
-4c9c12
In base 6, what is -24501134533 - 2?
-24501134535
In base 13, what is -1c - -cc7719?
cc76ca
In base 2, what is 100000000011000101 + 1011101011?
100000001110110000
In base 13, what is -5 + -2a184071?
-2a184076
In base 14, what is 10a3c0 + 9?
10a3c9
In base 9, what is -52 + -44558?
-44621
In base 5, what is 41120103 - -314?
41120422
In base 2, what is -1100111000 - 1001000011001011?
-1001010000000011
In base 13, what is 5091 + 54a9?
a56a
In base 6, what is 1 - -1502204031?
1502204032
In base 11, what is -5a + 5950a?
59460
In base 14, what is 1 + 1cc3c7b?
1cc3c7c
In base 2, what is 101001111001110100 - -10?
101001111001110110
In base 12, what is -a876 - 17b4?
-1046a
In base 5, what is -3 - 10303124123?
-10303124131
In base 5, what is -123023 - 123244?
-301322
In base 11, what is -101606 - -26?
-101590
In base 16, what is -127a9 + -2fc?
-12aa5
In base 15, what is -57d9 - -1203?
-45d6
In base 7, what is 55541261 + 4?
55541265
In base 4, what is -210 + -112133321?
-112200131
In base 3, what is 12211110 + 2102222?
22021102
In base 14, what is 2b - 9d17c?
-9d151
In base 6, what is -334 - 25450?
-30224
In base 2, what is 1111110000011 + 1101001011010?
11100111011101
In base 2, what is 0 + 10110010010101010110?
10110010010101010110
In base 8, what is -126 - -71226?
71100
In base 5, what is 23401120 + 200?
23401320
In base 12, what is -2 + 467b162?
467b160
In base 6, what is -501 + -51335412?
-51340313
In base 4, what is -3002231000 - 2321?
-3002233321
In base 12, what is 5 + -17a732b?
-17a7326
In base 7, what is -5664410 - 345?
-5665055
In base 12, what is -746137 - -2?
-746135
In base 10, what is -39 - -19951169?
19951130
In base 5, what is -140134204 - -211?
-140133443
In base 11, what is -344384 - 66?
-34443a
In base 11, what is 145152112 - -1?
145152113
In base 13, what is 1a + -271457?
-27143a
In base 2, what is 1001111100 - -1101110110001101001?
1101110111011100101
In base 8, what is 204744 + -206?
204536
In base 12, what is 941791 + 1a?
9417ab
In base 9, what is 28108076 + -11?
28108065
In base 8, what is -324517 + -6?
-324525
In base 2, what is -1110 - -1000001100011010?
1000001100001100
In base 2, what is -10001110000100110000010 - -10001?
-10001110000100101110001
In base 4, what is -10013103122 - -2231?
-10013100231
In base 7, what is 4150262402 + -4?
4150262365
In base 4, what is -111031131101332 + -11?
-111031131102003
In base 3, what is -22110000 + 2012211?
-20020012
In base 4, what is 330322322112032 + 1?
330322322112033
In base 8, what is -10 + -7714443?
-7714453
In base 14, what is 3a - -1865b9?
186615
In base 12, what is -28704034 + 2?
-28704032
In base 6, what is -2021 - -10521420?
10515355
In base 9, what is -105008 + 537?
-104361
In base 4, what is 231321231312 - 11?
231321231301
In base 2, what is 111111000000011101000100000011 + -10?
111111000000011101000100000001
In base 11, what is 12273 + -6a?
12204
In base 13, what is -82c7041 + -2?
-82c7043
In base 15, what is 2 + -c32719d?
-c32719b
In base 14, what is b1 - 875b3?
-87502
In base 14, what is -4 - -271081?
27107b
In base 12, what is -881606 - -3?
-881603
In base 9, what is 1074310 + 3?
1074313
In base 13, what is 17413cbc + 3?
17413cc2
In base 4, what is -3023102 + -13312?
-3103020
In base 13, what is 0 - 70b349?
-70b349
In base 12, what is 43 - 46826?
-467a3
In base 16, what is 4078f - 3b?
40754
In base 2, what is -1010 + -11000010000011110001010?
-11000010000011110010100
In base 14, what is -5ab3c + 100c?
-59b30
In base 6, what is -23022 - -5245?
-13333
In base 8, what is -21063566714 - 2?
-21063566716
In base 5, what is 3424441 + 24331?
4004322
In base 3, what is -220 - 11202010?
-11210000
In base 13, what is -5 - 27a3601?
-27a3606
In base 3, what is -21001221112 + -2?
-21001221121
In base 10, what is -22436 + -9452?
-31888
In base 13, what is 77861 - 84c?
77012
In base 8, what is 5 - -27724627?
27724634
In base 9, what is 26 - -44282373?
44282410
In base 15, what is 2 + 7b73232?
7b73234
In base 8, what is -3015046670 + 3?
-3015046665
In base 16, what is -81b + 2041?
1826
In base 4, what is -13100333323 + 11?
-13100333312
In base 11, what is 2 - -299a48a4?
299a48a6
In base 9, what is -382 - 1552644?
-1553136
In base 2, what is -100010010100110011100000101 + -10?
-100010010100110011100000111
In base 2, what is 101011111010110111100 + 1010?
101011111010111000110
In base 3, what is 12212111 - -202200?
20122011
In base 2, what is 1001111100000001010 - 1001100010111?
1001110010011110011
In base 2, what is 10 - 1101110111000010010010111110?
-1101110111000010010010111100
In base 14, what is 157a4db - -6?
157a503
In base 12, what is 9635098a - 4?
96350986
In base 3, what is 222 + -2110202021102?
-2110202020110
In base 11, what is -51370 - -187?
-51194
In base 6, what is 12512022 - 15?
12512003
In base 3, what is -12011022011122 + 12101?
-12011021222021
In base 16, what is -4 - -11fe5f8?
11fe5f4
In base 6, what is 1233310402 + -2?
1233310400
In base 15, what is 317dc1b4 - -5?
317dc1b9
In base 6, what is -2314540 + -15?
-2314555
In base 13, what is 11671a - -380?
116a9a
In base 7, what is 5 - -20211346?
20211354
In base 11, what is -7a11 + -25794?
-326a5
In base 10, what is 1048 - 174116?
-173068
In base 15, what is 100c8 - 13c?
ee8b
In base 13, what is 294c4a + 12?
294c5c
In base 6, what is 5151023 + -4113?
5142510
In base 15, what is -78c15e - 0?
-78c15e
In base 10, what is -5 + 18103695?
18103690
In base 4, what is -3010321 - 1121032?
-10132013
In base 8, what is 1116711 - 467?
1116222
In base 6, what is -303200 + 1544?
-301212
In base 11, what is 0 + 634a7?
634a7
In base 16, what is 14d288 + 2d0?
14d558
In base 13, what is 1 - -2c01c803?
2c01c804
In base 7, what is 54 + -222343?
-222256
In base 16, what is -4 + -9b5baa?
-9b5bae
In base 2, what is -100101100011110100001 + 11111?
-100101100011110000010
In base 11, what is -739 + 490763?
490025
In base 11, what is 136491 + 267?
136748
In base 5, what is -103124 - 342023?
-1000202
In base 8, what is -342 + -231106?
-231450
In base 6, what is -1031 - -100512243?
100511212
In base 10, what is 566108 + -90?
566018
In base 16, what is 45aadbf + 4?
45aadc3
In base 8, what is -761776230 - -4?
-761776224
In base 14, what is -6bc1554d + 4?
-6bc15549
In base 7, what is -2 - -52241401?
52241366
In base 9, what is 682 + 75650?
76442
In base 7, what is 563 + 20052511?
20053404
In base 16, what is -6c - -48dbea?
48db7e
In base 12, what is 648654b + 4?
6486553
In base 2, what is 111001001110100010001 - 1101110?
111001001110010100011
In base 8, what is -363 + -102702?
-103265
In base 5, what is -124 - 143241400?
-143242024
In base 6, what is 1150420301 + -24?
1150420233
In base 13, what is -1 + -16031ac2?
-16031ac3
In base 16, what is -1faf + 29c?
-1d13
In base 8, what is 3141674 - -157?
3142053
In base 3, what is -11 - -10211210121120?
10211210121102
In base 15, what is 82275a + -1?
822759
In base 11, what is 0 - -1153417a8?
1153417a8
In base 7, what is -640 - 61036?
-62006
In base 8, what is -3 + 32216372?
32216367
In base 13, what is 314 + -375?
-61
In base 15, what is -72058 - 35?
-7208d
In base 14, what is 15c62 + -a8?
15b98
In base 11, what is 15 - 15a30a?
-15a2a5
In base 5, what is 10001312 + 233?
10002100
In base 4, what is -3 + 2303301232000?
2303301231331
In base 9, what is 305 + -34817?
-34512
In base 14, what is 5 - -30bc417?
30bc41c
In base 2, what is -10110 - -1001101010111101111111?
1001101010111101101001
In base 2, what is 110011010010111011 + -100110000?
110011001110001011
In base 9, what is 14 - -12163106?
12163121
In base 14, what is -5 + 801960?
801959
In base 10, what is -400 + 3485?
3085
In base 12, what is 3 - -32b3331?
32b3334
In base 13, what is -2 - -6986a42?
6986a40
In base 2, what is 10010 - 1111010110001000110011001?
-1111010110001000110000111
In base 3, what is -11 + 201120101211200?
201120101211112
In base 8, what is -2321406 + 16?
-2321370
In base 10, what is 199950 + 76?
200026
In base 13, what is 576bc - -190?
5787c
In base 15, what is 336 - -3851?
3b87
In base 6, what is -2 + -542314302?
-542314304
In base 3, what is 11021022011112222 - -111?
110210220111201